et g be c(3). Suppose -3*h + 62 = -g*h + 4*u, -2*u - 8 = 0. What is the units digit of 26/h*(-3)/2?
1
Suppose o - 553 = -3*o + 5*a, 276 = 2*o - 2*a. Let h = o + -2. What is the units digit of h?
5
Let r(x) = -6*x + 3. Let v be r(0). Suppose -2*k - 2 = -4*m, 4*k = 2*k + 3*m. What is the units digit of 12/((9 - k)/v)?
6
Let v = 874 + -524. What is the units digit of v?
0
Let x(o) = -o**2 - 13*o - 12. Let u be x(-12). Suppose -4*n - 2 + 34 = u. What is the units digit of (-1*1)/(n/(-480))?
0
Suppose 0 = -3*c - 2 + 5. Suppose 2*w + c = -5, -3*a + 237 = -w. What is the tens digit of a?
7
Let l(s) = -s**2 + 52*s - 175. What is the hundreds digit of l(26)?
5
Let v(x) = 19*x**2 - 73*x + 110. What is the tens digit of v(-15)?
8
Suppose 0 = 5*p - 7*p + 2. What is the tens digit of ((-3)/((-6)/86))/p?
4
Let v = 310 + -505. What is the units digit of (4/5)/((-3)/v)?
2
Suppose 44*d - 91746 = -15318. What is the units digit of d?
7
Let s = -729 - -2076. What is the hundreds digit of s?
3
Let j(a) = 1429*a - 107. What is the tens digit of j(3)?
8
Let f be (2/6)/(4/24). Suppose -30 = 5*q - 5*k, q - f*q - 5*k = -6. Let i(a) = -13*a - 3. What is the units digit of i(q)?
9
Let n(y) = -199*y + 205. What is the hundreds digit of n(-2)?
6
Suppose 3*d + 744 = -5*n + 2722, 0 = 4*n + 4. What is the hundreds digit of d?
6
Let g = 41 + -32. Suppose -5*h + 706 = 5*s - g, 5*s + 155 = h. What is the hundreds digit of h?
1
Let s(t) = t + 6. Let g be s(-8). Let i be g/(-10) + 78/(-15). Let o(z) = -z - 1. What is the units digit of o(i)?
4
Suppose 6*r + 10421 = 9*r + 2*f, 2 = 2*f. What is the hundreds digit of r?
4
Let r be -2*1 - (0 - -3)*-17. Let o = -40 + r. What is the units digit of o?
9
Let t(a) = -1. Let g(j) = 5*j - 56. Let b(x) = -g(x) - t(x). What is the tens digit of b(-22)?
6
Let b = -8 - -8. Suppose 4*i - 23 = 3*z, -3*i + 11 = -b*i + 4*z. Suppose -13 = 4*d - i, -5*t - 4*d = -127. What is the tens digit of t?
2
What is the hundreds digit of (-1)/((-1)/(-11)) + 1651?
6
Suppose 9*q = q - 48. Let z be (1/2)/(q/1956). Let o = z - -232. What is the tens digit of o?
6
Let s = 673 + 80. What is the hundreds digit of s?
7
Let t(p) = -p**2 - 71*p + 131. What is the units digit of t(-28)?
5
Suppose 7844 = 5*b - 5481. What is the units digit of b?
5
Suppose 2*u + 4*o = u + 16, -5*u + 4*o - 40 = 0. Let b = 64 + u. What is the units digit of b?
0
Suppose 2*d - 2*m - 92 = -0*d, m = -2. Suppose 2*h - d - 72 = 0. What is the tens digit of h?
5
Let g be (21/14)/(3/10). Suppose -2*u - 3*q = -15, 2*u = 6*u + g*q - 35. What is the tens digit of u?
1
Let b(n) = -8*n. Let f be (1 - -1)*-1 + 2. Suppose -4*r = 16 - f. What is the units digit of b(r)?
2
Let v(b) = -53*b - 32. What is the units digit of v(-10)?
8
Let i(m) = m**2 + 9*m + 8. Let c(q) = q**3 - 6*q. Let n be c(-3). What is the units digit of i(n)?
8
Let a = 67 - 70. What is the tens digit of -196*(a/(-12))/((-2)/6)?
4
What is the hundreds digit of ((-10)/(-5))/(14/3871)?
5
Let a(d) = 250*d + 1157. What is the hundreds digit of a(19)?
9
Suppose 3*u - 391 = -73. Let s = u - -8. What is the hundreds digit of s?
1
Let j = -99 + 32. Let o = 24 - j. What is the units digit of o?
1
Let r(p) be the third derivative of 7*p**4/24 - 2*p**2. Let f be 0 + 0 + (7 - 6). What is the units digit of r(f)?
7
Suppose 8*v = 3*v + 4*f + 25, -2*v - 2*f + 10 = 0. Suppose -4*j - j = -60. Suppose -v*g + 98 = -j. What is the units digit of g?
2
Let h(w) be the third derivative of w**4/12 - w**3/3 - 4*w**2. What is the tens digit of h(11)?
2
Suppose -3*a + 1326 = -5*w, -w + 296 = a - 138. What is the units digit of a?
7
Suppose -2*y + y = 0. Suppose -3*j - 10 - 5 = y. Let v(r) = -r**3 - 5*r**2 - 5*r + 3. What is the units digit of v(j)?
8
What is the units digit of -3 - (2 + -761 + (-4 - 0))?
0
Suppose 0 = -5*o - 2*q + 10400, o + 5*q - 1690 = 390. What is the tens digit of o?
8
Let z be 4*(-1 + 2 + 0). Suppose t - 675 = -3*k, k = -t + z*t + 215. What is the hundreds digit of k?
2
Let n = -5 - -2. Let a be (5 - 1) + (n - -13). Let b = a - 8. What is the units digit of b?
6
Let v = 570 + -561. What is the units digit of v?
9
Let i be (-3 + 8/3)*-87. Suppose w = 2*w - k - 35, 4*k + i = w. What is the tens digit of w?
3
Let j be 4*((-62)/8 + 0)*-1. Let a = j + -20. What is the tens digit of a?
1
Suppose 0 = -15*n + 18050 + 30175. What is the hundreds digit of n?
2
Let g(v) = 15 + 7*v - v**3 + 31 - 12 - 13*v**2. What is the units digit of g(-14)?
2
Let g(d) = 5*d**2 + 5. Let n be g(4). Let q = -43 + n. What is the tens digit of q?
4
Let c be 4/16 + 65/(-4). Let d be 1/((-36)/c + -2). Suppose -d*u + 33 = -15. What is the tens digit of u?
1
Suppose 0 = 4*w + 5*d - 17, 2*w - 3*w = -3*d. Let u be w - 3*-18*1. Suppose 3*j - u = i - 2*i, -5*j - 4*i = -88. What is the units digit of j?
0
Suppose -6*m + m - 3*d = -2252, -3*m = 2*d - 1351. What is the units digit of m?
1
Let p = 6 - 4. Suppose 3*s = -4 - p. What is the units digit of (8/10)/(s/(-20))?
8
Suppose 0 = -3*k + k + 112. Suppose 5*o - 2*v - k = 0, v = -o - v + 4. What is the tens digit of o?
1
Let a(x) = x**2 - x - 6. Suppose 0 = -2*c + 2*q - 8, c - 2*q + 5*q - 12 = 0. Let u be a(c). What is the units digit of (-16)/6*9/u?
4
Let l(i) = 8*i**3 + 3*i**2 - 7*i - 11. Let g be l(5). Suppose 6*w - g - 219 = 0. What is the units digit of w?
8
Let n be ((-8)/(-6))/((-6)/(-18)). What is the tens digit of (n + 89 - -1) + -1?
9
Let l = 106 + 544. What is the units digit of (-1*12/(-10))/(20/l)?
9
Suppose 0 = -31*y + 28*y - 765. Let p = -164 - y. What is the tens digit of p?
9
Suppose 21 + 2261 = 7*a. What is the units digit of a?
6
Suppose -10 = 2*g, 0 = 3*k + 4*g + 45 + 68. Let a = k - -53. Suppose -3*p - 7 + a = 0. What is the units digit of p?
5
Let q(f) = f**3 + 35*f**2 - 80*f - 109. What is the units digit of q(-34)?
7
Suppose o + 5*v - 19 = -3*o, -3*o + 15 = 3*v. Suppose 0 = -7*b + 5*b - o. What is the tens digit of 6/b - (-1 + -42)?
4
Suppose -336 = -4*y + m + 55, 194 = 2*y - 2*m. Suppose 5*n + 2*n - y = 0. What is the tens digit of n?
1
Suppose 0 = j + 3*g - 190, 41 + 735 = 4*j + 4*g. What is the units digit of (7/(-4))/((-7)/j)?
9
Suppose 5*p + 0*p - 15 = 0. Suppose -o + 116 = p*o. Let r = o + -17. What is the units digit of r?
2
Suppose 3*f + 3*x = 7*f - 1375, 2*x + 1717 = 5*f. Suppose -8*t + t = -f. What is the tens digit of t?
4
Suppose 8 = 8*u - 4*u. Suppose 0 = -s - u + 4. What is the units digit of s?
2
What is the units digit of ((741/26)/(-19))/(1/(-610))?
5
Let u(o) = o**2 + 6*o - 7. Let i be u(5). Suppose -z = -0*z - i. What is the tens digit of z?
4
Suppose -4*o + 7413 = -3*c, -3*c - 7419 = -3*o + o. What is the hundreds digit of (-1)/(3/c*3)?
2
Let j be (9/(-18))/(1/12). Let r(d) = -d. Let x be r(j). Suppose -o = -1 - x. What is the units digit of o?
7
Let p(n) be the second derivative of n**3/2 + 15*n**2 + 4*n. What is the tens digit of p(7)?
5
Let q be 5 - (4 + -1) - 2. Suppose -3*g + 8 + 7 = q. Let h = g - 2. What is the units digit of h?
3
Suppose 5*x + 2*m - 5*m = 10, 2*x + 3*m = 25. Suppose 0*v = -v - g - x, 0 = -4*g - 20. Suppose v = d - 6*d + 140. What is the tens digit of d?
2
Let c(b) = -b**3 + 3*b**2 + 9*b + 3. Let h be c(5). What is the tens digit of 90 - (h - (5 - 5))?
9
Suppose 0 = 3*t + 5*c - c - 9993, -5*t - 4*c + 16663 = 0. What is the units digit of t?
5
Let a(d) = -5*d + 4. What is the tens digit of a(-12)?
6
Let j(z) = -z - 1. Let w be j(-5). Suppose 4*m - w - 4 = n, -2*n - 9 = -m. Let f = n - -12. What is the units digit of f?
8
Let i be 4*1/4 - -19. Suppose -25 = -o + i. What is the units digit of o?
5
Suppose -22*r + 19852 = 1790. What is the units digit of r?
1
Let v(f) = f**2 + f - 32. Let z be v(0). Let h = z - -74. Let s = -22 + h. What is the tens digit of s?
2
Let s be (-21)/((63/(-30))/7). Let x = s - 30. What is the tens digit of x?
4
Suppose 2*c = -k + 3534, 93*c = -2*k + 91*c + 7072. What is the hundreds digit of k?
5
Let q = -8 + 10. Suppose 0*w + 4*f = -2*w + 12, -5*w - q*f + 62 = 0. Let m = w - 12. What is the units digit of m?
2
Let b(a) be the third derivative of a**4/8 - a**3/6 + a**2. Let l be ((-10)/(-12))/(6/(-108)*-3). What is the tens digit of b(l)?
1
Suppose 5*f + 3*s - 39 = 0, -4*s + 3*s + 27 = 4*f. Suppose 4*n - 7 = 5*z - 21, 3*z - f = 2*n. What i